er when 254964 is divided by 84955?
99
Calculate the remainder when 39991 is divided by 3635.
6
What is the remainder when 1512322 is divided by 114?
112
What is the remainder when 12606 is divided by 2997?
618
What is the remainder when 1048 is divided by 404?
240
What is the remainder when 49491 is divided by 50?
41
What is the remainder when 8206 is divided by 8140?
66
Calculate the remainder when 72614 is divided by 36.
2
Calculate the remainder when 18516 is divided by 1022.
120
What is the remainder when 1102828 is divided by 79?
67
Calculate the remainder when 42053 is divided by 326.
325
Calculate the remainder when 99009 is divided by 5210.
19
Calculate the remainder when 10763 is divided by 5089.
585
Calculate the remainder when 46654 is divided by 36.
34
Calculate the remainder when 14961 is divided by 2991.
6
Calculate the remainder when 178779 is divided by 302.
297
Calculate the remainder when 13993 is divided by 2288.
265
What is the remainder when 2131 is divided by 33?
19
Calculate the remainder when 19611 is divided by 9786.
39
Calculate the remainder when 35893 is divided by 137.
136
Calculate the remainder when 13435 is divided by 14.
9
Calculate the remainder when 20032 is divided by 3893.
567
Calculate the remainder when 117717 is divided by 436.
433
Calculate the remainder when 716138 is divided by 17.
13
What is the remainder when 1987 is divided by 976?
35
What is the remainder when 126451 is divided by 331?
9
Calculate the remainder when 212861 is divided by 243.
236
Calculate the remainder when 134062 is divided by 2628.
34
Calculate the remainder when 82715 is divided by 6.
5
Calculate the remainder when 2865 is divided by 126.
93
What is the remainder when 22742 is divided by 612?
98
Calculate the remainder when 14262 is divided by 71.
62
Calculate the remainder when 10016 is divided by 1120.
1056
What is the remainder when 223209 is divided by 926?
43
What is the remainder when 3688 is divided by 613?
10
What is the remainder when 2620 is divided by 636?
76
What is the remainder when 115231 is divided by 5?
1
Calculate the remainder when 168189 is divided by 101.
24
Calculate the remainder when 7694 is divided by 549.
8
What is the remainder when 1150463 is divided by 575227?
9
What is the remainder when 51602 is divided by 103?
102
What is the remainder when 2060 is divided by 46?
36
What is the remainder when 2876 is divided by 18?
14
What is the remainder when 464867 is divided by 111?
110
Calculate the remainder when 8436 is divided by 534.
426
What is the remainder when 1434 is divided by 1412?
22
Calculate the remainder when 12858 is divided by 714.
6
Calculate the remainder when 223426 is divided by 373.
372
Calculate the remainder when 39033 is divided by 1501.
7
Calculate the remainder when 267627 is divided by 40.
27
What is the remainder when 602836 is divided by 106?
14
Calculate the remainder when 16238 is divided by 14.
12
Calculate the remainder when 126397 is divided by 80.
77
What is the remainder when 3986 is divided by 103?
72
What is the remainder when 912128 is divided by 3455?
8
What is the remainder when 227834 is divided by 83?
82
Calculate the remainder when 348339 is divided by 14.
5
What is the remainder when 11154 is divided by 18?
12
What is the remainder when 8348 is divided by 1390?
8
Calculate the remainder when 22732 is divided by 81.
52
Calculate the remainder when 79951 is divided by 2579.
2
Calculate the remainder when 891 is divided by 149.
146
Calculate the remainder when 7254 is divided by 303.
285
What is the remainder when 507354 is divided by 513?
510
Calculate the remainder when 3713 is divided by 714.
143
What is the remainder when 269294 is divided by 294?
284
What is the remainder when 1781 is divided by 1360?
421
Calculate the remainder when 9153 is divided by 415.
23
What is the remainder when 434439 is divided by 207?
153
Calculate the remainder when 1095929 is divided by 15.
14
Calculate the remainder when 3080283 is divided by 13.
11
What is the remainder when 5127 is divided by 395?
387
Calculate the remainder when 15931 is divided by 38.
9
What is the remainder when 631 is divided by 309?
13
What is the remainder when 31576 is divided by 545?
511
Calculate the remainder when 175441 is divided by 35088.
1
Calculate the remainder when 60361 is divided by 343.
336
Calculate the remainder when 2031 is divided by 50.
31
Calculate the remainder when 342920 is divided by 25.
20
Calculate the remainder when 2123 is divided by 372.
263
What is the remainder when 35023 is divided by 11664?
31
Calculate the remainder when 4466 is divided by 72.
2
Calculate the remainder when 12458 is divided by 3065.
198
Calculate the remainder when 1393 is divided by 127.
123
What is the remainder when 21919 is divided by 252?
247
What is the remainder when 125411 is divided by 1195?
1131
Calculate the remainder when 6842 is divided by 421.
106
Calculate the remainder when 8146 is divided by 2697.
55
What is the remainder when 2294 is divided by 763?
5
What is the remainder when 3060 is divided by 958?
186
What is the remainder when 104508 is divided by 61?
15
Calculate the remainder when 7092 is divided by 851.
284
Calculate the remainder when 1344 is divided by 90.
84
What is the remainder when 2391 is divided by 482?
463
Calculate the remainder when 60583 is divided by 20192.
7
What is the remainder when 430863 is divided by 474?
471
What is the remainder when 74473 is divided by 46?
45
What is the remainder when 2620 is divided by 91?
72
Calculate the remainder when 113292 is divided by 277.
276
Calculate the remainder when 6088 is divided by 675.
13
What is the remainder when 24149 is divided by 408?
77
What is the remainder when 35963 is divided by 11981?
20
What is the remainder when 361928 is divided by 10?
8
Calculate the remainder when 23801 is divided by 5948.
9
Calculate the remainder when 225347 is divided by 422.
421
Calculate the remainder when 804429 is divided by 49.
45
Calculate the remainder when 1092 is divided by 1038.
54
Calculate the remainder when 9482 is divided by 136.
98
What is the remainder when 1125 is divided by 14?
5
Calculate the remainder when 133277 is divided by 136.
133
What is the remainder when 107390 is divided by 9762?
8
Calculate the remainder when 15079 is divided by 1365.
64
What is the remainder when 31398 is divided by 115?
3
What is the remainder when 137823 is divided by 31?
28
Calculate the remainder when 8913 is divided by 25.
13
Calculate the remainder when 8387 is divided by 1328.
419
Calculate the remainder when 67660 is divided by 1648.
92
What is the remainder when 6654 is divided by 2176?
126
Calculate the remainder when 240755 is divided by 62.
9
What is the remainder when 239708 is divided by 77?
7
What is the remainder when 59627 is divided by 42?
29
Calculate the remainder when 10291 is divided by 3332.
295
What is the remainder when 1351465 is divided by 4431?
10
What is the remainder when 2224 is divided by 1001?
222
What is the remainder when 5376 is divided by 318?
288
Calculate the remainder when 104731 is divided by 2094.
31
Calculate the remainder when 515635 is divided by 9.
7
What is the remainder when 878 is divided by 16?
14
Calculate the remainder when 4463 is divided by 53.
11
What is the remainder when 2220333 is divided by 12?
9
Calculate the remainder when 24912 is divided by 445.
437
What is the remainder when 4490510 is divided by 208?
206
Calculate the remainder when 77230 is divided by 36.
10
What is the remainder when 142905 is divided by 11?
4
Calculate the remainder when 783 is divided by 708.
75
What is the remainder when 773 is divided by 21?
17
What is the remainder when 3759 is divided by 1112?
423
Calculate the remainder when 9472 is divided by 20.
12
What is the remainder when 20491 is divided by 6790?
121
What is the remainder when 210943 is divided by 127?
123
What is the remainder when 207626 is divided by 103?
81
Calculate the remainder when 42556 is divided by 235.
21
What is the remainder when 80945 is divided by 59?
56
Calculate the remainder when 12949 is divided by 110.
79
What is the remainder when 43853 is divided by 43777?
76
Calculate the remainder when 159504 is divided by 1627.
58
